e of 1088?
False
Does 24 divide 16538664?
True
Does 407 divide 3041009?
False
Is 23351952 a multiple of 8?
True
Is 7882 a multiple of 7?
True
Is 29 a factor of 4395008?
True
Does 20 divide 1178100?
True
Is 310 a factor of 1838300?
True
Does 14 divide 85451?
False
Does 5 divide 261819?
False
Does 28 divide 3045094?
False
Is 8 a factor of 851672?
True
Does 263 divide 923656?
True
Is 9 a factor of 5660?
False
Is 71 a factor of 1651468?
False
Is 876743 a multiple of 32?
False
Does 36 divide 9866183?
False
Is 14746115 a multiple of 18?
False
Does 14 divide 3181948?
True
Is 29 a factor of 1346570?
False
Does 37 divide 391020?
False
Is 95 a factor of 11975?
False
Is 39 a factor of 528216?
True
Is 1210825 a multiple of 17?
True
Is 157709 a multiple of 254?
False
Does 44 divide 10468679?
False
Does 14 divide 18758432?
True
Is 653988 a multiple of 140?
False
Does 350 divide 131950?
True
Does 17 divide 79169?
True
Is 51 a factor of 645698?
False
Is 81 a factor of 898371?
True
Is 906509 a multiple of 3?
False
Does 7 divide 1789399?
False
Does 229 divide 2381829?
True
Is 43 a factor of 7963886?
False
Is 115 a factor of 3167360?
False
Does 70 divide 517580?
True
Is 714 a factor of 18160780?
False
Is 3 a factor of 1353?
True
Does 1817 divide 7522380?
True
Does 12 divide 2311008?
True
Is 1774742 a multiple of 13?
False
Is 235625 a multiple of 13?
True
Does 90 divide 601415?
False
Is 39 a factor of 2031065?
False
Is 199 a factor of 1491668?
False
Does 25 divide 683629?
False
Does 71 divide 226696?
False
Does 333 divide 697075?
False
Does 15 divide 89632?
False
Is 118 a factor of 184316?
True
Is 187 a factor of 989230?
True
Is 2053876 a multiple of 242?
False
Is 18 a factor of 60124?
False
Is 118765 a multiple of 131?
False
Does 108 divide 676321?
False
Is 26 a factor of 349076?
True
Is 85 a factor of 109310?
True
Is 2461938 even?
True
Does 189 divide 48573?
True
Is 69293 a multiple of 5?
False
Does 783 divide 2043630?
True
Does 61 divide 1316197?
True
Is 87 a factor of 517021?
False
Is 1025022 a multiple of 81?
False
Is 381294 a multiple of 23?
True
Is 833810 a multiple of 10?
True
Is 7551945 a multiple of 257?
True
Is 11 a factor of 2029301?
False
Does 12 divide 6210561?
False
Is 33 a factor of 596409?
True
Is 230175 a multiple of 33?
True
Is 1652454 a multiple of 426?
True
Is 10 a factor of 90929?
False
Is 13 a factor of 180071?
False
Is 336989 a multiple of 6?
False
Is 33368 a multiple of 2?
True
Does 18 divide 71568?
True
Is 4 a factor of 139159?
False
Is 497 a factor of 224147?
True
Is 2728052 a multiple of 147?
False
Is 16716238 a multiple of 319?
True
Does 65 divide 618995?
True
Is 344 a factor of 462680?
True
Is 8896187 a multiple of 719?
True
Is 112374 a multiple of 54?
True
Does 346 divide 1082594?
False
Is 14 a factor of 310470?
False
Does 691 divide 2667934?
False
Is 187250 a multiple of 26?
False
Is 29 a factor of 1185372?
False
Is 21 a factor of 200423?
False
Is 28 a factor of 16744?
True
Is 12485928 a multiple of 56?
True
Does 2 divide 276?
True
Is 172 a factor of 994332?
True
Does 768 divide 1619712?
True
Does 144 divide 601985?
False
Is 500654 a multiple of 11?
True
Does 300 divide 236074?
False
Is 10 a factor of 118600?
True
Is 27 a factor of 1084590?
True
Is 309285 a multiple of 4?
False
Is 403 a factor of 740181?
False
Is 4787937 a multiple of 189?
True
Does 14 divide 875069?
False
Does 390 divide 274560?
True
Does 168 divide 5492756?
False
Does 5 divide 978700?
True
Is 5520519 a multiple of 6?
False
Is 4414109 a multiple of 23?
False
Is 19 a factor of 344498?
False
Is 194 a factor of 443297?
False
Is 2404908 a multiple of 757?
False
Does 14 divide 311752?
True
Is 11136 a multiple of 4?
True
Is 143602 a multiple of 21?
False
Is 11 a factor of 2860?
True
Does 144 divide 1133136?
True
Is 233300 a multiple of 20?
True
Is 48 a factor of 251136?
True
Does 44 divide 12804?
True
Does 54 divide 686991?
False
Is 178684 a multiple of 124?
True
Is 52477 even?
False
Does 13 divide 7137?
True
Is 64 a factor of 40640?
True
Does 22 divide 516604?
True
Does 58 divide 101678?
False
Is 6570621 a multiple of 90?
False
Is 129 a factor of 71040?
False
Is 3 a factor of 711027?
True
Does 147 divide 3800940?
False
Does 554 divide 440430?
True
Is 1930395 a multiple of 10?
False
Does 551 divide 244093?
True
Is 1279488 a multiple of 96?
True
Is 21 a factor of 56876?
False
Is 11 a factor of 4637759?
False
Does 252 divide 12990602?
False
Is 214150 a multiple of 50?
True
Is 80442 a multiple of 41?
True
Does 6 divide 61929?
False
Is 4064054 a multiple of 29?
False
Is 21 a factor of 17176488?
True
Is 1530357 a multiple of 4?
False
Does 52 divide 38012?
True
Is 429726 a multiple of 66?
True
Is 1054 a factor of 2009978?
True
Is 24 a factor of 146040?
True
Does 11 divide 24728?
True
Is 179 a factor of 21590714?
False
Does 34 divide 19626?
False
Is 70384 a multiple of 40?
False
Is 256812 a multiple of 12?
True
Does 22 divide 2990504?
True
Does 261 divide 42592?
False
Is 342474 a multiple of 38?
False
Is 950108 a multiple of 355?
False
Does 21 divide 59022?
False
Does 85 divide 148903?
False
Is 1874235 a multiple of 1221?
True
Is 134710 a multiple of 10?
True
Is 15210 a multiple of 10?
True
Is 179632 a multiple of 3?
False
Is 526920 a multiple of 6?
True
Is 227 a factor of 328861?
False
Is 103 a factor of 702872?
True
Does 39 divide 136041?
False
Does 93 divide 202740?
True
Does 56 divide 114889?
False
Does 71 divide 1507487?
False
Is 6 a factor of 31248?
True
Does 21 divide 25648?
False
Is 575 a factor of 607749?
False
Is 446290 a multiple of 13?
True
Is 255651 a multiple of 9?
False
Does 9 divide 1414971?
True
Does 204 divide 731377?
False
Does 6 divide 1461989?
False
Is 688829 even?
False
Does 56 divide 471296?
True
Is 276899 a multiple of 49?
True
Is 13 a factor of 4591483?
True
Does 79 divide 1490651?
True
Does 27 divide 2416230?
True
Is 574 a factor of 2978197?
False
Is 60049 a multiple of 220?
False
Is 22 a factor of 176242?
True
Is 30 a factor of 11805744?
False
Is 445953 a multiple of 58?
False
Does 3 divide 219024?
True
Does 21 divide 7228872?
True
Is 736131 a multiple of 171?
False
Is 2440958 a multiple of 26?
True
Does 12 divide 18410?
False
Does 10 divide 247930?
True
Is 145350 a multiple of 306?
True
Is 100 a factor of 12637211?
False
Is 7708752 a multiple of 1224?
True
Does 16 divide 340684?
False
Is 2713741 a multiple of 12?
False
Does 5 divide 123065?
True
Is 13 a factor of 1223417?
True
Does 38 divide 14802054?
False
Is 248945 a multiple of 19?
False
Does 583 divide 1549667?
False
Is 6423588 a multiple of 1308?
True
Is 979 a factor of 3278671?
True
Is 285447 a multiple of 51?
True
Is 26 a factor of 9291?
False
Does 130 divide 368680?
True
Is 231816 a multiple of 23?
False
Does 98 divide 265897?
False
Is 33165 a multiple of 5?
True
Is 203 a factor of 225186?
False
Is 8 a factor of 140634?
False
Is 232809 a multiple of 2?
False
Is 4 a factor of 208870?
False
Is 51 a factor of 767295?
True
Does 259 divide 1750581?
True
Does 39 divide 6770790?
True
Does 53 divide 825210?
True
Does 5 divide 73320?
True
Does 10 divide 6275261?
False
Does 112 divide 850495?
False
Does 92 divide 104911?
False
Does 17 divide 1381960?
False
Does 22 divide 250800?
True
Does 22 divide 22247500?
True
Is 233 a factor of 4932703?
False
Does 16 divide 113296?
True
Is 6 a factor of 168636?
True
Is 3310615 a multiple of 7?
True
Is 78 a factor of 4992?
True
Is 31416 a multiple of 28?
True
Does 19 divide 2005798?
False
Is 19 a factor of 166953?
True
Is 1037764 a multiple of 443?
False
Is 6403486 a multiple of 7?
False
Does 27 divide 1904013?
True
Does 29 divide 176233?
True
Is 15 a factor of 283757?
False
Does 3 divide 849867?
True
Does 45 divide 18803?
False
Does 412 divide 186737?
False
Is 5151195 a multiple of 1449?
True
Does 83 divide 20307?
False
Is 186215 a multiple of 158?
False
Does 33 divide 425594?
False
Is 2140656 a multiple of 168?
True
Is 268254 a multiple of 9?
True
Is 691012 a multiple of 148?
True
Does 17 divide 29043?
False
Is 58 a factor of 64264?
True
Does 40 divide 1163051?
False
Does 192 divide 4439616?
True
Is 13260 a multiple of 2?
True
Does 81 divide 288556?
False
Is 3492320 a multiple of 160?
True
Is 11 a factor of 85665?
False
Does 282 divide 1018241?
False
Is 2582